{"id":247,"date":"2015-02-17T16:27:40","date_gmt":"2015-02-17T14:27:40","guid":{"rendered":"http:\/\/www.deraugenarzt.net\/hagen\/?page_id=247"},"modified":"2015-03-03T10:47:37","modified_gmt":"2015-03-03T08:47:37","slug":"start-mitte","status":"publish","type":"page","link":"https:\/\/www.deraugenarzt.net\/hagen\/start-mitte\/","title":{"rendered":"Sie ben\u00f6tigen ein augen\u00e4rztliches Gutachten?"},"content":{"rendered":"<div id=\"startseitentext\">\n<p>Wenn Sie zur Pr\u00fcfung Ihrer Flugtauglichkeit ein <a href=\"https:\/\/www.deraugenarzt.net\/hagen\/augenaerztliches-gutachten\/\" title=\"augen\u00e4rztliches Gutachten\">augen\u00e4rztliches Gutachten<\/a> ben\u00f6tigen, sind Sie bei uns an der richtigen Adresse. Ebenso bieten wir Ihnen s\u00e4mtliche wichtigen augen\u00e4rztlichen Untersuchungen an, wie beispielsweise die moderne <a href=\"https:\/\/www.deraugenarzt.net\/hagen\/glaukomvorsorge\/\" title=\"Glaukomvorsorge\">Glaukomvorsorge<\/a> oder Glaukombehandlung mittels SLT-Laserbehandlung.<\/p>\n<div class=\"vorteile\">\n<span>Unsere private Augenarztpraxis in Hagen bietet Ihnen:<\/span><\/p>\n<ul>\n<li>ein breit gef\u00e4chertes Leistungsangebot<\/li>\n<li>individuelle Patientenberatung<\/li>\n<li>die Erstellung augen\u00e4rztlicher Gutachten<\/li>\n<li>moderne Glaukom-Diagnostik und vieles mehr.<\/li>\n<\/ul>\n<\/div>\n<h2>Selektive Lasertrabekuloplastik zur Glaukombehandlung<\/h2>\n<p>Die selektive <a href=\"https:\/\/www.deraugenarzt.net\/hagen\/lasertrabekuloplastik\/\" title=\"Lasertrabekuloplastik\">Laser-Trabekuloplastik<\/a> stellt eine effektive und schonende Technik dar, mit der bereits erste Anzeichen von Gr\u00fcnem Star (Glaukom) erkannt und erfolgreich behandelt werden k\u00f6nnen. Glaukom fr\u00fchzeitig zu erkennen ist \u00fcberaus wichtig, denn neben Diabetes stellt der Gr\u00fcne Star eine der h\u00e4ufigsten Erblindungsursachen in Deutschland dar. Neben der innovativen Glaukombehandlung sind wir auch Ihr Ansprechpartner f\u00fcr <a href=\"https:\/\/www.deraugenarzt.net\/hagen\/lidoperationen\/\" title=\"Lidoperationen\">Lidoperationen<\/a>, z. B. um die altersbedingte Erschlaffung von Horn- und Bindehaut zu beheben.<\/p>\n<\/div>\n","protected":false},"excerpt":{"rendered":"<p>Wenn Sie zur Pr\u00fcfung Ihrer Flugtauglichkeit ein augen\u00e4rztliches Gutachten ben\u00f6tigen, sind Sie bei uns an der richtigen Adresse. Ebenso bieten wir Ihnen s\u00e4mtliche wichtigen augen\u00e4rztlichen Untersuchungen an, wie beispielsweise die moderne Glaukomvorsorge oder Glaukombehandlung mittels SLT-Laserbehandlung. Unsere private Augenarztpraxis in Hagen bietet Ihnen: ein breit gef\u00e4chertes Leistungsangebot individuelle Patientenberatung die Erstellung augen\u00e4rztlicher Gutachten moderne Glaukom-Diagnostik [&hellip;]<\/p>\n","protected":false},"author":4,"featured_media":0,"parent":0,"menu_order":0,"comment_status":"open","ping_status":"open","template":"","meta":{"_et_pb_use_builder":"","_et_pb_old_content":"","_et_gb_content_width":"","footnotes":""},"yoast_head":"<!-- This site is optimized with the Yoast SEO plugin v22.8 - https:\/\/yoast.com\/wordpress\/plugins\/seo\/ -->\n<title>Sie ben\u00f6tigen ein augen\u00e4rztliches Gutachten? - Der Augenarzt - Praxis Hagen<\/title>\n<meta name=\"robots\" content=\"index, follow, max-snippet:-1, max-image-preview:large, max-video-preview:-1\" \/>\n<link rel=\"canonical\" href=\"https:\/\/www.deraugenarzt.net\/hagen\/start-mitte\/\" \/>\n<meta property=\"og:locale\" content=\"de_DE\" \/>\n<meta property=\"og:type\" content=\"article\" \/>\n<meta property=\"og:title\" content=\"Sie ben\u00f6tigen ein augen\u00e4rztliches Gutachten? - Der Augenarzt - Praxis Hagen\" \/>\n<meta property=\"og:description\" content=\"Wenn Sie zur Pr\u00fcfung Ihrer Flugtauglichkeit ein augen\u00e4rztliches Gutachten ben\u00f6tigen, sind Sie bei uns an der richtigen Adresse. Ebenso bieten wir Ihnen s\u00e4mtliche wichtigen augen\u00e4rztlichen Untersuchungen an, wie beispielsweise die moderne Glaukomvorsorge oder Glaukombehandlung mittels SLT-Laserbehandlung. Unsere private Augenarztpraxis in Hagen bietet Ihnen: ein breit gef\u00e4chertes Leistungsangebot individuelle Patientenberatung die Erstellung augen\u00e4rztlicher Gutachten moderne Glaukom-Diagnostik [&hellip;]\" \/>\n<meta property=\"og:url\" content=\"https:\/\/www.deraugenarzt.net\/hagen\/start-mitte\/\" \/>\n<meta property=\"og:site_name\" content=\"Der Augenarzt - Praxis Hagen\" \/>\n<meta property=\"article:modified_time\" content=\"2015-03-03T08:47:37+00:00\" \/>\n<meta name=\"twitter:label1\" content=\"Gesch\u00e4tzte Lesezeit\" \/>\n\t<meta name=\"twitter:data1\" content=\"1\u00a0Minute\" \/>\n<script type=\"application\/ld+json\" class=\"yoast-schema-graph\">{\"@context\":\"https:\/\/schema.org\",\"@graph\":[{\"@type\":\"WebPage\",\"@id\":\"https:\/\/www.deraugenarzt.net\/hagen\/start-mitte\/\",\"url\":\"https:\/\/www.deraugenarzt.net\/hagen\/start-mitte\/\",\"name\":\"Sie ben\u00f6tigen ein augen\u00e4rztliches Gutachten? - Der Augenarzt - Praxis Hagen\",\"isPartOf\":{\"@id\":\"https:\/\/www.deraugenarzt.net\/hagen\/#website\"},\"datePublished\":\"2015-02-17T14:27:40+00:00\",\"dateModified\":\"2015-03-03T08:47:37+00:00\",\"breadcrumb\":{\"@id\":\"https:\/\/www.deraugenarzt.net\/hagen\/start-mitte\/#breadcrumb\"},\"inLanguage\":\"de\",\"potentialAction\":[{\"@type\":\"ReadAction\",\"target\":[\"https:\/\/www.deraugenarzt.net\/hagen\/start-mitte\/\"]}]},{\"@type\":\"BreadcrumbList\",\"@id\":\"https:\/\/www.deraugenarzt.net\/hagen\/start-mitte\/#breadcrumb\",\"itemListElement\":[{\"@type\":\"ListItem\",\"position\":1,\"name\":\"Home\",\"item\":\"https:\/\/www.deraugenarzt.net\/hagen\/\"},{\"@type\":\"ListItem\",\"position\":2,\"name\":\"Sie ben\u00f6tigen ein augen\u00e4rztliches Gutachten?\"}]},{\"@type\":\"WebSite\",\"@id\":\"https:\/\/www.deraugenarzt.net\/hagen\/#website\",\"url\":\"https:\/\/www.deraugenarzt.net\/hagen\/\",\"name\":\"Der Augenarzt - Praxis Hagen\",\"description\":\"Dr. Neferu\",\"potentialAction\":[{\"@type\":\"SearchAction\",\"target\":{\"@type\":\"EntryPoint\",\"urlTemplate\":\"https:\/\/www.deraugenarzt.net\/hagen\/?s={search_term_string}\"},\"query-input\":\"required name=search_term_string\"}],\"inLanguage\":\"de\"}]}<\/script>\n<!-- \/ Yoast SEO plugin. -->","yoast_head_json":{"title":"Sie ben\u00f6tigen ein augen\u00e4rztliches Gutachten? - Der Augenarzt - Praxis Hagen","robots":{"index":"index","follow":"follow","max-snippet":"max-snippet:-1","max-image-preview":"max-image-preview:large","max-video-preview":"max-video-preview:-1"},"canonical":"https:\/\/www.deraugenarzt.net\/hagen\/start-mitte\/","og_locale":"de_DE","og_type":"article","og_title":"Sie ben\u00f6tigen ein augen\u00e4rztliches Gutachten? - Der Augenarzt - Praxis Hagen","og_description":"Wenn Sie zur Pr\u00fcfung Ihrer Flugtauglichkeit ein augen\u00e4rztliches Gutachten ben\u00f6tigen, sind Sie bei uns an der richtigen Adresse. Ebenso bieten wir Ihnen s\u00e4mtliche wichtigen augen\u00e4rztlichen Untersuchungen an, wie beispielsweise die moderne Glaukomvorsorge oder Glaukombehandlung mittels SLT-Laserbehandlung. Unsere private Augenarztpraxis in Hagen bietet Ihnen: ein breit gef\u00e4chertes Leistungsangebot individuelle Patientenberatung die Erstellung augen\u00e4rztlicher Gutachten moderne Glaukom-Diagnostik [&hellip;]","og_url":"https:\/\/www.deraugenarzt.net\/hagen\/start-mitte\/","og_site_name":"Der Augenarzt - Praxis Hagen","article_modified_time":"2015-03-03T08:47:37+00:00","twitter_misc":{"Gesch\u00e4tzte Lesezeit":"1\u00a0Minute"},"schema":{"@context":"https:\/\/schema.org","@graph":[{"@type":"WebPage","@id":"https:\/\/www.deraugenarzt.net\/hagen\/start-mitte\/","url":"https:\/\/www.deraugenarzt.net\/hagen\/start-mitte\/","name":"Sie ben\u00f6tigen ein augen\u00e4rztliches Gutachten? - Der Augenarzt - Praxis Hagen","isPartOf":{"@id":"https:\/\/www.deraugenarzt.net\/hagen\/#website"},"datePublished":"2015-02-17T14:27:40+00:00","dateModified":"2015-03-03T08:47:37+00:00","breadcrumb":{"@id":"https:\/\/www.deraugenarzt.net\/hagen\/start-mitte\/#breadcrumb"},"inLanguage":"de","potentialAction":[{"@type":"ReadAction","target":["https:\/\/www.deraugenarzt.net\/hagen\/start-mitte\/"]}]},{"@type":"BreadcrumbList","@id":"https:\/\/www.deraugenarzt.net\/hagen\/start-mitte\/#breadcrumb","itemListElement":[{"@type":"ListItem","position":1,"name":"Home","item":"https:\/\/www.deraugenarzt.net\/hagen\/"},{"@type":"ListItem","position":2,"name":"Sie ben\u00f6tigen ein augen\u00e4rztliches Gutachten?"}]},{"@type":"WebSite","@id":"https:\/\/www.deraugenarzt.net\/hagen\/#website","url":"https:\/\/www.deraugenarzt.net\/hagen\/","name":"Der Augenarzt - Praxis Hagen","description":"Dr. Neferu","potentialAction":[{"@type":"SearchAction","target":{"@type":"EntryPoint","urlTemplate":"https:\/\/www.deraugenarzt.net\/hagen\/?s={search_term_string}"},"query-input":"required name=search_term_string"}],"inLanguage":"de"}]}},"_links":{"self":[{"href":"https:\/\/www.deraugenarzt.net\/hagen\/wp-json\/wp\/v2\/pages\/247"}],"collection":[{"href":"https:\/\/www.deraugenarzt.net\/hagen\/wp-json\/wp\/v2\/pages"}],"about":[{"href":"https:\/\/www.deraugenarzt.net\/hagen\/wp-json\/wp\/v2\/types\/page"}],"author":[{"embeddable":true,"href":"https:\/\/www.deraugenarzt.net\/hagen\/wp-json\/wp\/v2\/users\/4"}],"replies":[{"embeddable":true,"href":"https:\/\/www.deraugenarzt.net\/hagen\/wp-json\/wp\/v2\/comments?post=247"}],"version-history":[{"count":5,"href":"https:\/\/www.deraugenarzt.net\/hagen\/wp-json\/wp\/v2\/pages\/247\/revisions"}],"predecessor-version":[{"id":268,"href":"https:\/\/www.deraugenarzt.net\/hagen\/wp-json\/wp\/v2\/pages\/247\/revisions\/268"}],"wp:attachment":[{"href":"https:\/\/www.deraugenarzt.net\/hagen\/wp-json\/wp\/v2\/media?parent=247"}],"curies":[{"name":"wp","href":"https:\/\/api.w.org\/{rel}","templated":true}]}}