{"id":128,"date":"2014-09-06T16:28:52","date_gmt":"2014-09-06T14:28:52","guid":{"rendered":"http:\/\/deraugenarzt.get4.de\/delbrueck\/?page_id=128"},"modified":"2014-09-06T16:28:52","modified_gmt":"2014-09-06T14:28:52","slug":"slt","status":"publish","type":"page","link":"https:\/\/www.deraugenarzt.net\/delbrueck\/laserverfahren\/slt\/","title":{"rendered":"SLT"},"content":{"rendered":"<p>In unserer Praxis wird die Selektive Laser Trabekuloplastik(SLT) zur Behandlung bestimmter Glaukomformen eingesetzt.<\/p>\n<p>&nbsp;<\/p>\n<p><strong>Was ist ein Glaukom?<\/strong><br \/>\nIm Auge wird st\u00e4ndig Fl\u00fcssigkeit produziert um die Gesundheit des Auges zu erhalten, gleichzeitig flie\u00dft st\u00e4ndig die entsprechende Menge Fl\u00fcssigkeit \u00fcber den sog. Kammerwinkel ab. Ist der Kammerwasserabfluss blockiert, steigt der Augeninndruck an, wodurch Sehnervenfasern zerst\u00f6rt werden.\u00a0Diese Form der Sehnervensch\u00e4digung nennt man Glaukom. Im schlimmsten Fall f\u00fchrt ein Glaukom zur Erblindung des Auges.<\/p>\n<p>&nbsp;<\/p>\n<p><strong>Wie funktioniert die Selektive Laser Trabekuloplastik (SLT)?<\/strong><br \/>\nDer <strong>SLT<\/strong>-Laser wirkt mit sehr geringer Energie auf Pigmentablagerungen im Bereich des Kammerwasserabflusses und bewirkt, dass der k\u00f6rpereigene Heilungsprozess die behandelten Zellen auf nat\u00fcrliche Weise abbaut. \u00a0Dies wird durch extrem kurze Laserimpulse im\u00a0Milliardstel-Sekunden Bereich erreicht, so dass keine thermischen Sch\u00e4den im Auge entstehen k\u00f6nnen.<\/p>\n<p>&nbsp;<\/p>\n<p><strong>Was ist SLT?<\/strong><br \/>\nSLT ist eine Laserbehandlung, die in der Augenarztpraxis durchgef\u00fchrt wird, um erh\u00f6hten Augeninnendruck zu senken. Die Behandlung ist schmerzfrei, dauert nur einige Minuten und verursacht keine Nebenwirkungen, um die man sich Sorgen machen braucht. Falls n\u00f6tig, kann die Behandlung auch wiederholt werden. Die Laser Trabekuloplastik ist eine Krankenkassenleistung.<\/p>\n<p>&nbsp;<\/p>\n<p><strong>Wer wird mit SLT behandelt?<\/strong><br \/>\nDie SLT kann, auf Anraten des Arztes, eingesetzt\u00a0werden<\/p>\n<p>&nbsp;<\/p>\n<ul>\n<li>bei sog. Offenwinkelglaukom<\/li>\n<li>bei Unvertr\u00e4glichkeit auf Glaukom Tropfen<\/li>\n<li>falls Sie Glaukom Tropfen anwenden und mit SLT kombinieren m\u00f6chten<\/li>\n<li>falls Sie Schwierigkeiten bei der Verabreichung von Glaukom Tropfen haben<\/li>\n<\/ul>\n<p>&nbsp;<\/p>\n<p><strong>Welche anderen Behandlungsm\u00f6glichkeiten gibt es noch?<\/strong><br \/>\nDas Offenwinkelglaukom wird meistens mit Glaukom Tropfen behandelt, die ein- oder mehrmals am Tag angewendet werden m\u00fcssen. Diese Behandlung erfolgt \u00fcblicherweise lebenslang und ist nicht immer frei von Nebenwirkungen. Augendrucksenkende Laserbehandlungen neben der <strong>SLT<\/strong> sind die Argon-Laser-Trabekuloplastik und die Zyklophotokoagulation. Bei beiden Verfahren m\u00fcssen Gewebesch\u00e4den in Kauf genommen werden. Reichen die beschriebenen M\u00f6glichkeiten nicht aus, so ist eine Glaukom Operation\u00a0erforderlich, bei der ein\u00a0neuer Kammerwasserabfluss k\u00fcnstlich hergestellt wird.<\/p>\n<p>&nbsp;<\/p>\n<p><strong>Wirkt die SLT bei jedem Patienten?<br \/>\n<\/strong>Die SLT vermindert den Augeninnendruck bei ca. 80 % der behandelten Patienten. Falls die SLT bei Ihnen nicht wirken sollte, so besteht nat\u00fcrlich weiterhin die M\u00f6glichkeit der medikament\u00f6sen Behandlung mit Glaukom Tropfen.<\/p>\n","protected":false},"excerpt":{"rendered":"<p>In unserer Praxis wird die Selektive Laser Trabekuloplastik(SLT) zur Behandlung bestimmter Glaukomformen eingesetzt. &nbsp; Was ist ein Glaukom? Im Auge wird st\u00e4ndig Fl\u00fcssigkeit produziert um die Gesundheit des Auges zu erhalten, gleichzeitig flie\u00dft st\u00e4ndig die entsprechende Menge Fl\u00fcssigkeit \u00fcber den sog. Kammerwinkel ab. Ist der Kammerwasserabfluss blockiert, steigt der Augeninndruck an, wodurch Sehnervenfasern zerst\u00f6rt werden.\u00a0Diese [&hellip;]<\/p>\n","protected":false},"author":1,"featured_media":0,"parent":21,"menu_order":6,"comment_status":"open","ping_status":"open","template":"","meta":{"footnotes":""},"yoast_head":"<!-- This site is optimized with the Yoast SEO plugin v22.8 - https:\/\/yoast.com\/wordpress\/plugins\/seo\/ -->\n<title>SLT - Der Augenarzt - Praxis Delbr\u00fcck<\/title>\n<meta name=\"robots\" content=\"index, follow, max-snippet:-1, max-image-preview:large, max-video-preview:-1\" \/>\n<link rel=\"canonical\" href=\"https:\/\/www.deraugenarzt.net\/delbrueck\/laserverfahren\/slt\/\" \/>\n<meta property=\"og:locale\" content=\"de_DE\" \/>\n<meta property=\"og:type\" content=\"article\" \/>\n<meta property=\"og:title\" content=\"SLT - Der Augenarzt - Praxis Delbr\u00fcck\" \/>\n<meta property=\"og:description\" content=\"In unserer Praxis wird die Selektive Laser Trabekuloplastik(SLT) zur Behandlung bestimmter Glaukomformen eingesetzt. &nbsp; Was ist ein Glaukom? Im Auge wird st\u00e4ndig Fl\u00fcssigkeit produziert um die Gesundheit des Auges zu erhalten, gleichzeitig flie\u00dft st\u00e4ndig die entsprechende Menge Fl\u00fcssigkeit \u00fcber den sog. Kammerwinkel ab. Ist der Kammerwasserabfluss blockiert, steigt der Augeninndruck an, wodurch Sehnervenfasern zerst\u00f6rt werden.\u00a0Diese [&hellip;]\" \/>\n<meta property=\"og:url\" content=\"https:\/\/www.deraugenarzt.net\/delbrueck\/laserverfahren\/slt\/\" \/>\n<meta property=\"og:site_name\" content=\"Der Augenarzt - Praxis Delbr\u00fcck\" \/>\n<meta name=\"twitter:label1\" content=\"Gesch\u00e4tzte Lesezeit\" \/>\n\t<meta name=\"twitter:data1\" content=\"2\u00a0Minuten\" \/>\n<script type=\"application\/ld+json\" class=\"yoast-schema-graph\">{\"@context\":\"https:\/\/schema.org\",\"@graph\":[{\"@type\":\"WebPage\",\"@id\":\"https:\/\/www.deraugenarzt.net\/delbrueck\/laserverfahren\/slt\/\",\"url\":\"https:\/\/www.deraugenarzt.net\/delbrueck\/laserverfahren\/slt\/\",\"name\":\"SLT - Der Augenarzt - Praxis Delbr\u00fcck\",\"isPartOf\":{\"@id\":\"https:\/\/www.deraugenarzt.net\/delbrueck\/#website\"},\"datePublished\":\"2014-09-06T14:28:52+00:00\",\"dateModified\":\"2014-09-06T14:28:52+00:00\",\"breadcrumb\":{\"@id\":\"https:\/\/www.deraugenarzt.net\/delbrueck\/laserverfahren\/slt\/#breadcrumb\"},\"inLanguage\":\"de\",\"potentialAction\":[{\"@type\":\"ReadAction\",\"target\":[\"https:\/\/www.deraugenarzt.net\/delbrueck\/laserverfahren\/slt\/\"]}]},{\"@type\":\"BreadcrumbList\",\"@id\":\"https:\/\/www.deraugenarzt.net\/delbrueck\/laserverfahren\/slt\/#breadcrumb\",\"itemListElement\":[{\"@type\":\"ListItem\",\"position\":1,\"name\":\"Home\",\"item\":\"https:\/\/www.deraugenarzt.net\/delbrueck\/\"},{\"@type\":\"ListItem\",\"position\":2,\"name\":\"Laserverfahren\",\"item\":\"https:\/\/www.deraugenarzt.net\/delbrueck\/laserverfahren\/\"},{\"@type\":\"ListItem\",\"position\":3,\"name\":\"SLT\"}]},{\"@type\":\"WebSite\",\"@id\":\"https:\/\/www.deraugenarzt.net\/delbrueck\/#website\",\"url\":\"https:\/\/www.deraugenarzt.net\/delbrueck\/\",\"name\":\"Der Augenarzt - Praxis Delbr\u00fcck\",\"description\":\"Praxis Dr.medic Neferu in Delbr\u00fcck bei Paderborn\",\"potentialAction\":[{\"@type\":\"SearchAction\",\"target\":{\"@type\":\"EntryPoint\",\"urlTemplate\":\"https:\/\/www.deraugenarzt.net\/delbrueck\/?s={search_term_string}\"},\"query-input\":\"required name=search_term_string\"}],\"inLanguage\":\"de\"}]}<\/script>\n<!-- \/ Yoast SEO plugin. -->","yoast_head_json":{"title":"SLT - Der Augenarzt - Praxis Delbr\u00fcck","robots":{"index":"index","follow":"follow","max-snippet":"max-snippet:-1","max-image-preview":"max-image-preview:large","max-video-preview":"max-video-preview:-1"},"canonical":"https:\/\/www.deraugenarzt.net\/delbrueck\/laserverfahren\/slt\/","og_locale":"de_DE","og_type":"article","og_title":"SLT - Der Augenarzt - Praxis Delbr\u00fcck","og_description":"In unserer Praxis wird die Selektive Laser Trabekuloplastik(SLT) zur Behandlung bestimmter Glaukomformen eingesetzt. &nbsp; Was ist ein Glaukom? Im Auge wird st\u00e4ndig Fl\u00fcssigkeit produziert um die Gesundheit des Auges zu erhalten, gleichzeitig flie\u00dft st\u00e4ndig die entsprechende Menge Fl\u00fcssigkeit \u00fcber den sog. Kammerwinkel ab. Ist der Kammerwasserabfluss blockiert, steigt der Augeninndruck an, wodurch Sehnervenfasern zerst\u00f6rt werden.\u00a0Diese [&hellip;]","og_url":"https:\/\/www.deraugenarzt.net\/delbrueck\/laserverfahren\/slt\/","og_site_name":"Der Augenarzt - Praxis Delbr\u00fcck","twitter_misc":{"Gesch\u00e4tzte Lesezeit":"2\u00a0Minuten"},"schema":{"@context":"https:\/\/schema.org","@graph":[{"@type":"WebPage","@id":"https:\/\/www.deraugenarzt.net\/delbrueck\/laserverfahren\/slt\/","url":"https:\/\/www.deraugenarzt.net\/delbrueck\/laserverfahren\/slt\/","name":"SLT - Der Augenarzt - Praxis Delbr\u00fcck","isPartOf":{"@id":"https:\/\/www.deraugenarzt.net\/delbrueck\/#website"},"datePublished":"2014-09-06T14:28:52+00:00","dateModified":"2014-09-06T14:28:52+00:00","breadcrumb":{"@id":"https:\/\/www.deraugenarzt.net\/delbrueck\/laserverfahren\/slt\/#breadcrumb"},"inLanguage":"de","potentialAction":[{"@type":"ReadAction","target":["https:\/\/www.deraugenarzt.net\/delbrueck\/laserverfahren\/slt\/"]}]},{"@type":"BreadcrumbList","@id":"https:\/\/www.deraugenarzt.net\/delbrueck\/laserverfahren\/slt\/#breadcrumb","itemListElement":[{"@type":"ListItem","position":1,"name":"Home","item":"https:\/\/www.deraugenarzt.net\/delbrueck\/"},{"@type":"ListItem","position":2,"name":"Laserverfahren","item":"https:\/\/www.deraugenarzt.net\/delbrueck\/laserverfahren\/"},{"@type":"ListItem","position":3,"name":"SLT"}]},{"@type":"WebSite","@id":"https:\/\/www.deraugenarzt.net\/delbrueck\/#website","url":"https:\/\/www.deraugenarzt.net\/delbrueck\/","name":"Der Augenarzt - Praxis Delbr\u00fcck","description":"Praxis Dr.medic Neferu in Delbr\u00fcck bei Paderborn","potentialAction":[{"@type":"SearchAction","target":{"@type":"EntryPoint","urlTemplate":"https:\/\/www.deraugenarzt.net\/delbrueck\/?s={search_term_string}"},"query-input":"required name=search_term_string"}],"inLanguage":"de"}]}},"_links":{"self":[{"href":"https:\/\/www.deraugenarzt.net\/delbrueck\/wp-json\/wp\/v2\/pages\/128"}],"collection":[{"href":"https:\/\/www.deraugenarzt.net\/delbrueck\/wp-json\/wp\/v2\/pages"}],"about":[{"href":"https:\/\/www.deraugenarzt.net\/delbrueck\/wp-json\/wp\/v2\/types\/page"}],"author":[{"embeddable":true,"href":"https:\/\/www.deraugenarzt.net\/delbrueck\/wp-json\/wp\/v2\/users\/1"}],"replies":[{"embeddable":true,"href":"https:\/\/www.deraugenarzt.net\/delbrueck\/wp-json\/wp\/v2\/comments?post=128"}],"version-history":[{"count":0,"href":"https:\/\/www.deraugenarzt.net\/delbrueck\/wp-json\/wp\/v2\/pages\/128\/revisions"}],"up":[{"embeddable":true,"href":"https:\/\/www.deraugenarzt.net\/delbrueck\/wp-json\/wp\/v2\/pages\/21"}],"wp:attachment":[{"href":"https:\/\/www.deraugenarzt.net\/delbrueck\/wp-json\/wp\/v2\/media?parent=128"}],"curies":[{"name":"wp","href":"https:\/\/api.w.org\/{rel}","templated":true}]}}